5
Let h be (-1)/3 - (-80)/24. Suppose -2*m - h*m = 0. Let r(w) be the first derivative of -w**4/4 + w**3/3 - 2*w + 669. What is r(m)?
-2
Let j(q) = 68*q**2 + 48*q - 81. Let x(w) = -97*w**2 - 71*w + 121. Let s(d) = 10*j(d) + 7*x(d). Calculate s(18).
55
Let x(v) = -2*v**3 - 7*v**2 + 13*v - 2. Let m(n) = -n**3 - 2*n**2 + 6*n - 1. Let d(f) = -7*m(f) + 3*x(f). What is d(7)?
-20
Let p(n) = 16*n + 241. Suppose -74*v + 13993 = 15103. Calculate p(v).
1
Let c(f) = -28 - 68 - f - 2*f - 19. Let s be c(-37). Let g(i) = -5*i + 2 + 4*i - 6. What is g(s)?
0
Let u(g) = 7*g**2 + 8*g - 37. Let t(x) = -20*x**2 - 21*x + 99. Let o(z) = -6*t(z) - 17*u(z). Give o(7).
14
Let j(s) = -23*s**3 + 3*s + 2 + 8*s**3 + s**3 + 8*s**3 - 7*s**2 + 8*s**3. Calculate j(5).
92
Suppose -3*g = -123*l + 127*l - 38, 6*l - g - 68 = 0. Let a(x) = 9*x + 35. Give a(l).
134
Let d(g) = 0 - g**3 + 14*g - 9 + 2*g**3 - 14*g**2. Let h(w) = 33*w**2 + 157*w - 27. Let x be h(-5). Determine d(x).
4
Let v(q) be the second derivative of -q**4/12 - q**3/6 + 27*q**2/2 - 21*q. Suppose -w + j - 2 = 0, 5*w + 5*j - 5 = 5. Calculate v(w).
27
Let z(x) = 3*x - 3. Let j = 6468 - 6464. Calculate z(j).
9
Let w(z) = 7*z**3 + z + 3*z**3 + 10*z**3 + 3 - 25*z**3 + 3*z**3 - 3*z**2. Calculate w(-3).
27
Let x(m) = m + 30. Let a be 90/180 + (-19)/2. What is x(a)?
21
Let s(z) = 2*z - 1. Let b(u) = 5*u - 37. Let w(a) = -63*a + 476. Let t(n) = 77*b(n) + 6*w(n). Let i(o) = 4*s(o) - t(o). Determine i(14).
3
Let n be 3 + -6 + 1 - -4 - 1. Let h(b) = -b**2 + 3*b + 5. Let p(c) = -8*c**2 + 24*c**2 - c - 15*c**2. Let y(a) = n*h(a) + 2*p(a). Determine y(0).
5
Let k(x) = -x**2 + x + 1. Let l(z) = z**3 - 2*z**2 + 2*z + 7. Let o(s) = -5*k(s) + l(s). Suppose 0 = -4*m - 71 + 59. Let d be 0 - 1/m - 533/123. What is o(d)?
-2
Let v(f) = -f**3 + 7*f**2 - 12*f + 26. Suppose -3*r - 6*j = -5*j - 23, 4*j - 20 = 0. What is v(r)?
-10
Let k(s) = 781*s**2 - 289 + 298 - 771*s**2 + s**3 + 15*s. Determine k(-8).
17
Let n(o) be the first derivative of o**5/20 + 7*o**4/12 + o**3 + o**2/2 + 137*o + 85. Let m(i) be the first derivative of n(i). Calculate m(-5).
21
Let r(p) = -15*p**2 - 20*p - 2. Let f(c) = 42*c**2 + 62*c + 7. Let g(k) = -4*f(k) - 11*r(k). Give g(-10).
-26
Let w(r) = -1950*r + 646*r + 652*r + 651*r - 5. What is w(-9)?
4
Let f(b) be the first derivative of -b**4/4 + 11*b**3/3 + 7*b**2 - 8*b - 13288. Determine f(12).
16
Let i(v) be the third derivative of 13*v**5/60 + v**3/6 + 2157*v**2. Give i(-1).
14
Let i(u) = 16*u**2 - 21*u + 11. Let y be i(1). Let k(n) be the third derivative of -n**6/120 + 7*n**5/60 - n**4/8 - n**3/2 - 6*n**2. Give k(y).
15
Suppose 18*m = 20352 - 20370. Let i(h) = 88*h**2 - 1. Calculate i(m).
87
Let u(v) = -939*v + 469*v + 24 + 468*v + 11. Determine u(0).
35
Let l(x) be the second derivative of x**6/120 + 3*x**5/20 + 3*x**4/8 + 2*x**3/3 + x**2/2 - 51*x. Let k(f) be the first derivative of l(f). What is k(-8)?
-4
Let c(x) = -x**3 - 71*x**2 + 1498*x + 176. Let n be c(-88). Let g(y) be the second derivative of y**4/12 - y**3/6 + 3*y**2/2 + 3*y. What is g(n)?
3
Let h(x) = 378*x - 211*x - 6*x**2 - 1 - 6 - 160*x + x**3. Determine h(3).
-13
Suppose 0 = -h - 57 + 59. Suppose -h*l + 5*l = 6. Let z(d) = -2 - d**l + 5 - 2*d - 1 + 0*d. Give z(-4).
-6
Let a(b) = b**2 - b. Suppose 2*n + 3*t = 31, -50 = 26*n - 31*n - 2*t. Suppose -k = -2*g - 0*k - 8, -2*g + 5*k = n. What is a(g)?
20
Let w = 185 + -177. Suppose -i + w = i. Let n(d) = d**2 - 2*d - 3. Determine n(i).
5
Let s(z) be the third derivative of -17*z**4/24 - 237*z**2 + z - 3. Give s(0).
0
Let v(p) = -2*p**2 + 1090 - 341 - 368 - 17*p + 0*p - 345. Determine v(-10).
6
Let q be (-20)/25*38/(-8) - 24/(-20). Let z(p) = -p. Let r(w) = w**2 + 1. Let o(l) = -r(l) - 4*z(l). Give o(q).
-6
Let h(x) = -x**3 + x - 17. Let o = -67 - -101. Suppose o = 4*v - d - 136, -5*v + 3*d = -216. Let c be 0*4/6*v/56. Give h(c).
-17
Let n(f) be the second derivative of 0 + 1/6*f**3 + 3/2*f**2 + 55*f. Determine n(-11).
-8
Let h = 119 + 95. Let f = h + -215. Let z(d) = 41*d**3 + d**2 + 2*d + 1. Give z(f).
-41
Let g = -81 - -82. Let m(r) be the second derivative of -r**4 + r**3/6 - r**2/2 + 102*r - 2. Determine m(g).
-12
Let s(r) = r**2 + 2*r - 1. Let v be s(1). Let k(u) = -u + 3 - 4 + 1 + v. Calculate k(5).
-3
Let q(j) = -10*j - 98*j**2 + j**3 + 28*j**2 - 14 + 31*j**2 + 35*j**2. Determine q(6).
-2
Let r be (-25)/(-15)*3 + -1. Let n(z) = z**2 - 8*z + 13. Let m be n(r). Let k(d) = -5*d**2 - 2*d**3 - 3*d + 15 - 7 - 11. Give k(m).
15
Suppose -73*u - 5*f - 90 = -68*u, -2*f - 21 = u. Let v(o) = -o**2 - 23*o - 118. Give v(u).
2
Let m(t) = -6*t**2 - 20*t - 44. Let r(z) = -5*z**2 - 22*z - 45. Let x(o) = -4*m(o) + 5*r(o). Determine x(-28).
7
Let b(x) be the first derivative of -85 - 3/2*x**2 - 2*x + 7/3*x**3. Determine b(-1).
8
Let q(t) = t - t - 4*t**2 + t**2 + 2. Suppose 0 = 8*c - 10*c + 14. Suppose 0 = -c*j - 10 - 4. Determine q(j).
-10
Let d(x) = -235 - 3*x + 462 - 229. Calculate d(-2).
4
Let o = -1 + 5. Suppose -3*y = o - 1. Let k(n) = -4*n**2 - 1 - 175237*n**3 + 3*n**2 + 175220*n**3 - 2*n - 3*n**2 + 2*n**2. Calculate k(y).
16
Let l = -2 + 3. Let u(g) be the first derivative of g**2/2 + g + 914. Let n(r) = r**2 + 13*r + 3. Let a(d) = l*n(d) - 2*u(d). Give a(-11).
1
Let k(i) = -i - 1. Let c be k(-7). Suppose 0*h + h = 3. Let b(a) = -3*a + h*a + 8 + a - 3*a. Determine b(c).
-4
Let z be -8 - (-33)/6 - -50*2/8. Let d(v) = 8*v - 81. Calculate d(z).
-1
Let p(c) = 3*c**3 + c**2. Suppose -88 = -2*a - 8*k + 9*k, 0 = 3*a - 4*k - 132. Suppose o = -a*o - 45. Calculate p(o).
-2
Let n(b) be the first derivative of -b**4/4 + 5*b**3 - 15*b**2/2 - 3*b + 6710. Suppose -3*i - 2 = 3*a - 41, 5*i - 37 = -3*a. Determine n(a).
-17
Suppose -54 = 5*z - 2*l, -3*l + 4 = z + 8. Let m(k) = -k - 1. What is m(z)?
9
Let n(x) = x**3 + 8*x**2 - 10*x - 11. Let h(o) = o**2 - 60*o - 553. Let v be h(68). Calculate n(v).
-2
Let i(l) = -l**3 - 10*l**2 + 38*l - 12. Let h be i(-13). Let x be -1 + 0 + (7 - h). Let n(j) = -j**2 + 3*j. Determine n(x).
-10
Let o(m) = 26*m + 38*m + 23*m + 29*m + 24*m - 4 - 141*m. Let x = 1 + -4. Calculate o(x).
-1
Let h(x) = -x**3 + 26*x**2 + 26*x + 33. Let m be h(27). Suppose -m*n - 221 = -197. Let t(w) = -w**3 - 4*w**2 - 2*w - 3. Calculate t(n).
5
Let r(j) = -127 + 4*j + 248 - 120. Let x(s) = s - 2. Let q(f) = 3. Let m(z) = -4*q(z) - 5*x(z). Let i(h) = 3*m(h) + 4*r(h). What is i(-3)?
-5
Let a(w) = 4*w**3 + 11*w**2 + 33*w - 71. Let i(m) = m**2 + 3*m - 8. Let s(y) = -a(y) + 9*i(y). Calculate s(-3).
107
Let k(d) = 2*d + 20. Suppose 0 = 13*b - 12*b - 3. Suppose h - b = -a - 12, 5*h = a + 39. Determine k(a).
-8
Let i(n) = -10142*n**3 + 13*n + 4*n**2 + 5075*n**3 + 5066*n**3 + 12. What is i(7)?
-44
Suppose 6*k - 9*k + 36 = 0. Let p be (-3)/(100/k - 8). Let x(q) = -q**2 - 9*q + 9. Give x(p).
9
Let f = 14405 + -14415. Let x(l) be the second derivative of -l**5/20 - 11*l**4/12 - 11*l**3/6 + 5*l**2/2 - l. Calculate x(f).
15
Let x(v) = v + 10. Suppose -4*d = 5*a - 25, 2*d + 11 - 26 = -5*a. Let h be d/(-20)*-12 + -11. What is x(h)?
2
Let p(t) = 17*t + 5. Let q(m) = -4*m - 1. Let b be (-2)/(-3) + 48/9. Let n(l) = b*p(l) + 26*q(l). What is n(3)?
-2
Suppose 8*n = 4*n + 12. Let y(v) = 2*v**2 - 24*v + 59. Let w be y(n). Let k(c) = -c**3 + 5 + 0*c**3 + c**2 + 4*c**2. What is k(w)?
5
Let f(p) = 2*p**2 + p - 4. Let y(c) = -37*c**2 + 25*c**2 + 15*c**2 - 8. Let a(n) = -5*f(n) + 3*y(n). Give a(-6).
-10
Suppose 0 = 4*w - 2 - 10. Let x(b) = -3*b + 11. Let d(h) = 2*h - 5. Let l(q) = w*x(q) + 5*d(q). Let m be 14/(-4)*-1*(-44)/(-22). Determine l(m).
15
Suppose -19 = -6*g + 11. Suppose -5*d - 17 = 3*w - 5, 0 = 5*d + g*w + 10. Let j(o) = o**3 + 3*o**2 + 2*o + 4. Give j(d).
-2
Suppose 0 = -4*d - j + 6, -8 = -2*d + j + j. Let l(a) = -4*a + 1. Suppose 3*c = -c + 20. Let f(b) = -2*b + 1. Let k(y) = c*f(y) - 2*l(y). Determine k(d).
-1
Suppose 0 = -47*c - 44 + 138. Let s(n) be the second derivative of 2*n**3/3 + n**2/2 - n. Determine s(c).
9
Suppose 28*d + 28 = 35*d. Let c(b) = -3*b**2 - 1 + 4*b**2 + d*b - 3*b + 2. Let k(v) = -3*v**2 - 2*v + 5. Let x(s) = -2*c(s) - k(s). Give x(0).
-7
Let c be ((-6)/15)/(1 - (-96)/(-100)). Let t be 6/27 - 28*c/36. Suppose 0 = -3*f + 2*j + t, f - 3*j - 4 = -j. Let u(k) = -k - 1. What is u(f)?
-3
Let a(k) = k**2 - k. Let d(r)